{"id":519,"date":"2015-09-17T15:48:43","date_gmt":"2015-09-17T15:48:43","guid":{"rendered":"https:\/\/aspri.es\/inicio\/?lang=ca"},"modified":"2018-03-09T12:30:12","modified_gmt":"2018-03-09T11:30:12","slug":"inicio","status":"publish","type":"page","link":"https:\/\/aspri.es\/ca\/","title":{"rendered":"Inici"},"content":{"rendered":"<p>[vc_row el_class=&#8221;home_box_wrap&#8221; css=&#8221;.vc_custom_1442576188177{margin-top: 50px !important;}&#8221;][vc_column width=&#8221;1\/6&#8243; css=&#8221;.vc_custom_1442578081905{margin-bottom: 20px !important;}&#8221;][vc_single_image image=&#8221;424&#8243; img_size=&#8221;full&#8221; alignment=&#8221;center&#8221; onclick=&#8221;custom_link&#8221; link=&#8221;https:\/\/aspri.es\/ca\/serveis-dadministracio\/administracio-comunitats-barcelona\/&#8221;][vc_column_text]<\/p>\n<h2 style=\"text-align: center;\">Administraci\u00f3<br \/>\nde comunitats<\/h2>\n<p style=\"text-align: center;\">M\u00e9s de 30 anys <strong>administrant comunitats de propietaris a Barcelona<\/strong> amb comprom\u00eds i transpar\u00e8ncia, adaptant-nos sempre a les necessitats de la seva comunitat.<\/p>\n<p>[\/vc_column_text][\/vc_column][vc_column width=&#8221;1\/6&#8243; css=&#8221;.vc_custom_1442578086143{margin-bottom: 20px !important;}&#8221;][vc_single_image image=&#8221;422&#8243; img_size=&#8221;full&#8221; alignment=&#8221;center&#8221; onclick=&#8221;custom_link&#8221; link=&#8221;https:\/\/aspri.es\/ca\/serveis-dadministracio\/administracio-lloguers-barcelona\/&#8221;][vc_column_text]<\/p>\n<h2 style=\"text-align: center;\">Administraci\u00f3<br \/>\nde\u00a0lloguers<\/h2>\n<p style=\"text-align: center;\">Gestionem tots els tr\u00e0mits relacionats amb el <strong>lloguer d&#8217;edificis, habitatges, locals o oficines<\/strong> per ajudar-lo a obtenir la m\u00e0xima rendibilitat de les seves propietats.<\/p>\n<p>[\/vc_column_text][\/vc_column][vc_column width=&#8221;1\/6&#8243; css=&#8221;.vc_custom_1442578092942{margin-bottom: 20px !important;}&#8221;][vc_single_image image=&#8221;428&#8243; img_size=&#8221;full&#8221; alignment=&#8221;center&#8221; onclick=&#8221;custom_link&#8221; link=&#8221;https:\/\/aspri.es\/ca\/serveis\/gestio-patrimonis-barcelona\/&#8221;][vc_column_text]<\/p>\n<h2 style=\"text-align: center;\">Gesti\u00f3 de<br \/>\npatrimonis<\/h2>\n<p style=\"text-align: center;\">Portem molts anys administrant patrimonis immobiliaris amb un objectiu molt clar: <strong>Obtenir la m\u00e0xima rendibilitat<\/strong>, optimitzant la seva inversi\u00f3 durant tota la gesti\u00f3 del lloguer amb les m\u00e0ximes garanties.<\/p>\n<p>[\/vc_column_text][\/vc_column][vc_column width=&#8221;1\/6&#8243; css=&#8221;.vc_custom_1442578112226{margin-bottom: 20px !important;}&#8221;][vc_single_image image=&#8221;430&#8243; img_size=&#8221;full&#8221; alignment=&#8221;center&#8221; onclick=&#8221;custom_link&#8221; link=&#8221;https:\/\/aspri.es\/ca\/serveis\/venda-dimmobles-barcelona\/&#8221;][vc_column_text]<\/p>\n<h2 style=\"text-align: center;\">Venda<br \/>\nd&#8217;immobles<\/h2>\n<p style=\"text-align: center;\">L&#8217;assessorem en les seves operacions de <strong>compra o venda d&#8217;immobles<\/strong> per que prengui les millors decisions immobili\u00e0ries amb el suport de la nostra experi\u00e8ncia al sector.<\/p>\n<p>[\/vc_column_text][\/vc_column][vc_column width=&#8221;1\/6&#8243; el_class=&#8221;home_box_last&#8221; css=&#8221;.vc_custom_1442578106278{margin-bottom: 20px !important;}&#8221;][vc_single_image image=&#8221;426&#8243; img_size=&#8221;full&#8221; alignment=&#8221;center&#8221; onclick=&#8221;custom_link&#8221; link=&#8221;https:\/\/aspri.es\/ca\/serveis\/assessoria-juridica-barcelona\/&#8221;][vc_column_text]<\/p>\n<h2 style=\"text-align: center;\">Assessoria<br \/>\njur\u00eddica<\/h2>\n<p style=\"text-align: center;\">Els nostres coneixements en dret immobiliari ens permeten oferir als nostres clients el millor <strong>servei d&#8217;assessoria jur\u00eddica<\/strong> amb professionals especialistes en dret civil, arrendaments urbans i propietat horitzontal.<\/p>\n<p>[\/vc_column_text][\/vc_column][vc_column width=&#8221;1\/6&#8243;][vc_column_text]<br \/>\n[\/vc_column_text][\/vc_column][\/vc_row]<\/p>\n","protected":false},"excerpt":{"rendered":"<p>[vc_row el_class=&#8221;home_box_wrap&#8221; css=&#8221;.vc_custom_1442576188177{margin-top: 50px !important;}&#8221;][vc_column width=&#8221;1\/6&#8243; css=&#8221;.vc_custom_1442578081905{margin-bottom: 20px !important;}&#8221;][vc_single_image image=&#8221;424&#8243; img_size=&#8221;full&#8221; alignment=&#8221;center&#8221; onclick=&#8221;custom_link&#8221; link=&#8221;https:\/\/aspri.es\/ca\/serveis-dadministracio\/administracio-comunitats-barcelona\/&#8221;][vc_column_text] Administraci\u00f3 de comunitats M\u00e9s de 30 anys administrant comunitats de propietaris a Barcelona amb comprom\u00eds i transpar\u00e8ncia, adaptant-nos sempre a les necessitats de la seva comunitat. [\/vc_column_text][\/vc_column][vc_column width=&#8221;1\/6&#8243; css=&#8221;.vc_custom_1442578086143{margin-bottom: 20px !important;}&#8221;][vc_single_image image=&#8221;422&#8243; img_size=&#8221;full&#8221; alignment=&#8221;center&#8221; onclick=&#8221;custom_link&#8221; link=&#8221;https:\/\/aspri.es\/ca\/serveis-dadministracio\/administracio-lloguers-barcelona\/&#8221;][vc_column_text] Administraci\u00f3 de\u00a0lloguers Gestionem tots els [&hellip;]<\/p>\n","protected":false},"author":2,"featured_media":0,"parent":0,"menu_order":0,"comment_status":"closed","ping_status":"open","template":"template-home.php","meta":{"_monsterinsights_skip_tracking":false,"_monsterinsights_sitenote_active":false,"_monsterinsights_sitenote_note":"","_monsterinsights_sitenote_category":0,"footnotes":""},"class_list":["post-519","page","type-page","status-publish","hentry"],"yoast_head":"<!-- This site is optimized with the Yoast SEO plugin v27.1.1 - https:\/\/yoast.com\/product\/yoast-seo-wordpress\/ -->\n<title>Serveis immobiliaris a Barcelona - Aspri<\/title>\n<meta name=\"description\" content=\"M\u00e9s de 30 anys ofrecint un servei integral en la intermediaci\u00f3 d&#039;operacions immobiliaries, administraci\u00f3 de finqies i assessorament jur\u00eddic.\" \/>\n<meta name=\"robots\" content=\"index, follow, max-snippet:-1, max-image-preview:large, max-video-preview:-1\" \/>\n<link rel=\"canonical\" href=\"https:\/\/aspri.es\/ca\/\" \/>\n<meta property=\"og:locale\" content=\"ca_ES\" \/>\n<meta property=\"og:type\" content=\"article\" \/>\n<meta property=\"og:title\" content=\"Serveis immobiliaris a Barcelona - Aspri\" \/>\n<meta property=\"og:description\" content=\"M\u00e9s de 30 anys ofrecint un servei integral en la intermediaci\u00f3 d&#039;operacions immobiliaries, administraci\u00f3 de finqies i assessorament jur\u00eddic.\" \/>\n<meta property=\"og:url\" content=\"https:\/\/aspri.es\/ca\/\" \/>\n<meta property=\"og:site_name\" content=\"Aspri\" \/>\n<meta property=\"article:modified_time\" content=\"2018-03-09T11:30:12+00:00\" \/>\n<meta name=\"twitter:card\" content=\"summary_large_image\" \/>\n<meta name=\"twitter:label1\" content=\"Temps estimat de lectura\" \/>\n\t<meta name=\"twitter:data1\" content=\"2 minuts\" \/>\n<script type=\"application\/ld+json\" class=\"yoast-schema-graph\">{\"@context\":\"https:\/\/schema.org\",\"@graph\":[{\"@type\":\"WebPage\",\"@id\":\"https:\/\/aspri.es\/ca\/\",\"url\":\"https:\/\/aspri.es\/ca\/\",\"name\":\"Serveis immobiliaris a Barcelona - Aspri\",\"isPartOf\":{\"@id\":\"https:\/\/aspri.es\/#website\"},\"datePublished\":\"2015-09-17T15:48:43+00:00\",\"dateModified\":\"2018-03-09T11:30:12+00:00\",\"description\":\"M\u00e9s de 30 anys ofrecint un servei integral en la intermediaci\u00f3 d'operacions immobiliaries, administraci\u00f3 de finqies i assessorament jur\u00eddic.\",\"breadcrumb\":{\"@id\":\"https:\/\/aspri.es\/ca\/#breadcrumb\"},\"inLanguage\":\"ca\",\"potentialAction\":[{\"@type\":\"ReadAction\",\"target\":[\"https:\/\/aspri.es\/ca\/\"]}]},{\"@type\":\"BreadcrumbList\",\"@id\":\"https:\/\/aspri.es\/ca\/#breadcrumb\",\"itemListElement\":[{\"@type\":\"ListItem\",\"position\":1,\"name\":\"Home\",\"item\":\"https:\/\/aspri.es\/ca\/\"},{\"@type\":\"ListItem\",\"position\":2,\"name\":\"Inici\"}]},{\"@type\":\"WebSite\",\"@id\":\"https:\/\/aspri.es\/#website\",\"url\":\"https:\/\/aspri.es\/\",\"name\":\"Aspri\",\"description\":\"Otro sitio realizado con WordPress\",\"potentialAction\":[{\"@type\":\"SearchAction\",\"target\":{\"@type\":\"EntryPoint\",\"urlTemplate\":\"https:\/\/aspri.es\/?s={search_term_string}\"},\"query-input\":{\"@type\":\"PropertyValueSpecification\",\"valueRequired\":true,\"valueName\":\"search_term_string\"}}],\"inLanguage\":\"ca\"}]}<\/script>\n<!-- \/ Yoast SEO plugin. -->","yoast_head_json":{"title":"Serveis immobiliaris a Barcelona - Aspri","description":"M\u00e9s de 30 anys ofrecint un servei integral en la intermediaci\u00f3 d'operacions immobiliaries, administraci\u00f3 de finqies i assessorament jur\u00eddic.","robots":{"index":"index","follow":"follow","max-snippet":"max-snippet:-1","max-image-preview":"max-image-preview:large","max-video-preview":"max-video-preview:-1"},"canonical":"https:\/\/aspri.es\/ca\/","og_locale":"ca_ES","og_type":"article","og_title":"Serveis immobiliaris a Barcelona - Aspri","og_description":"M\u00e9s de 30 anys ofrecint un servei integral en la intermediaci\u00f3 d'operacions immobiliaries, administraci\u00f3 de finqies i assessorament jur\u00eddic.","og_url":"https:\/\/aspri.es\/ca\/","og_site_name":"Aspri","article_modified_time":"2018-03-09T11:30:12+00:00","twitter_card":"summary_large_image","twitter_misc":{"Temps estimat de lectura":"2 minuts"},"schema":{"@context":"https:\/\/schema.org","@graph":[{"@type":"WebPage","@id":"https:\/\/aspri.es\/ca\/","url":"https:\/\/aspri.es\/ca\/","name":"Serveis immobiliaris a Barcelona - Aspri","isPartOf":{"@id":"https:\/\/aspri.es\/#website"},"datePublished":"2015-09-17T15:48:43+00:00","dateModified":"2018-03-09T11:30:12+00:00","description":"M\u00e9s de 30 anys ofrecint un servei integral en la intermediaci\u00f3 d'operacions immobiliaries, administraci\u00f3 de finqies i assessorament jur\u00eddic.","breadcrumb":{"@id":"https:\/\/aspri.es\/ca\/#breadcrumb"},"inLanguage":"ca","potentialAction":[{"@type":"ReadAction","target":["https:\/\/aspri.es\/ca\/"]}]},{"@type":"BreadcrumbList","@id":"https:\/\/aspri.es\/ca\/#breadcrumb","itemListElement":[{"@type":"ListItem","position":1,"name":"Home","item":"https:\/\/aspri.es\/ca\/"},{"@type":"ListItem","position":2,"name":"Inici"}]},{"@type":"WebSite","@id":"https:\/\/aspri.es\/#website","url":"https:\/\/aspri.es\/","name":"Aspri","description":"Otro sitio realizado con WordPress","potentialAction":[{"@type":"SearchAction","target":{"@type":"EntryPoint","urlTemplate":"https:\/\/aspri.es\/?s={search_term_string}"},"query-input":{"@type":"PropertyValueSpecification","valueRequired":true,"valueName":"search_term_string"}}],"inLanguage":"ca"}]}},"_links":{"self":[{"href":"https:\/\/aspri.es\/ca\/wp-json\/wp\/v2\/pages\/519\/"}],"collection":[{"href":"https:\/\/aspri.es\/ca\/wp-json\/wp\/v2\/pages\/"}],"about":[{"href":"https:\/\/aspri.es\/ca\/wp-json\/wp\/v2\/types\/page\/"}],"author":[{"embeddable":true,"href":"https:\/\/aspri.es\/ca\/wp-json\/wp\/v2\/users\/2\/"}],"replies":[{"embeddable":true,"href":"https:\/\/aspri.es\/ca\/wp-json\/wp\/v2\/comments\/?post=519"}],"version-history":[{"count":8,"href":"https:\/\/aspri.es\/ca\/wp-json\/wp\/v2\/pages\/519\/revisions\/"}],"predecessor-version":[{"id":1041,"href":"https:\/\/aspri.es\/ca\/wp-json\/wp\/v2\/pages\/519\/revisions\/1041\/"}],"wp:attachment":[{"href":"https:\/\/aspri.es\/ca\/wp-json\/wp\/v2\/media\/?parent=519"}],"curies":[{"name":"wp","href":"https:\/\/api.w.org\/{rel}","templated":true}]}}

<p>[vc_row el_class=&#8221;home_box_wrap&#8221; css=&#8221;.vc_custom_1442576188177{margin-top: 50px !important;}&#8221;][vc_column width=&#8221;1/6&#8243; css=&#8221;.vc_custom_1442578081905{margin-bottom: 20px !important;}&#8221;][vc_single_image image=&#8221;424&#8243; img_size=&#8221;full&#8221; alignment=&#8221;center&#8221; onclick=&#8221;custom_link&#8221; link=&#8221;https://aspri.es/ca/serveis-dadministracio/administracio-comunitats-barcelona/&#8221;][vc_column_text]</p>
<h2 style="text-align: center;">Administració<br />
de comunitats</h2>
<p style="text-align: center;">Més de 30 anys <strong>administrant comunitats de propietaris a Barcelona</strong> amb compromís i transparència, adaptant-nos sempre a les necessitats de la seva comunitat.</p>
<p>[/vc_column_text][/vc_column][vc_column width=&#8221;1/6&#8243; css=&#8221;.vc_custom_1442578086143{margin-bottom: 20px !important;}&#8221;][vc_single_image image=&#8221;422&#8243; img_size=&#8221;full&#8221; alignment=&#8221;center&#8221; onclick=&#8221;custom_link&#8221; link=&#8221;https://aspri.es/ca/serveis-dadministracio/administracio-lloguers-barcelona/&#8221;][vc_column_text]</p>
<h2 style="text-align: center;">Administració<br />
de lloguers</h2>
<p style="text-align: center;">Gestionem tots els tràmits relacionats amb el <strong>lloguer d&#8217;edificis, habitatges, locals o oficines</strong> per ajudar-lo a obtenir la màxima rendibilitat de les seves propietats.</p>
<p>[/vc_column_text][/vc_column][vc_column width=&#8221;1/6&#8243; css=&#8221;.vc_custom_1442578092942{margin-bottom: 20px !important;}&#8221;][vc_single_image image=&#8221;428&#8243; img_size=&#8221;full&#8221; alignment=&#8221;center&#8221; onclick=&#8221;custom_link&#8221; link=&#8221;https://aspri.es/ca/serveis/gestio-patrimonis-barcelona/&#8221;][vc_column_text]</p>
<h2 style="text-align: center;">Gestió de<br />
patrimonis</h2>
<p style="text-align: center;">Portem molts anys administrant patrimonis immobiliaris amb un objectiu molt clar: <strong>Obtenir la màxima rendibilitat</strong>, optimitzant la seva inversió durant tota la gestió del lloguer amb les màximes garanties.</p>
<p>[/vc_column_text][/vc_column][vc_column width=&#8221;1/6&#8243; css=&#8221;.vc_custom_1442578112226{margin-bottom: 20px !important;}&#8221;][vc_single_image image=&#8221;430&#8243; img_size=&#8221;full&#8221; alignment=&#8221;center&#8221; onclick=&#8221;custom_link&#8221; link=&#8221;https://aspri.es/ca/serveis/venda-dimmobles-barcelona/&#8221;][vc_column_text]</p>
<h2 style="text-align: center;">Venda<br />
d&#8217;immobles</h2>
<p style="text-align: center;">L&#8217;assessorem en les seves operacions de <strong>compra o venda d&#8217;immobles</strong> per que prengui les millors decisions immobiliàries amb el suport de la nostra experiència al sector.</p>
<p>[/vc_column_text][/vc_column][vc_column width=&#8221;1/6&#8243; el_class=&#8221;home_box_last&#8221; css=&#8221;.vc_custom_1442578106278{margin-bottom: 20px !important;}&#8221;][vc_single_image image=&#8221;426&#8243; img_size=&#8221;full&#8221; alignment=&#8221;center&#8221; onclick=&#8221;custom_link&#8221; link=&#8221;https://aspri.es/ca/serveis/assessoria-juridica-barcelona/&#8221;][vc_column_text]</p>
<h2 style="text-align: center;">Assessoria<br />
jurídica</h2>
<p style="text-align: center;">Els nostres coneixements en dret immobiliari ens permeten oferir als nostres clients el millor <strong>servei d&#8217;assessoria jurídica</strong> amb professionals especialistes en dret civil, arrendaments urbans i propietat horitzontal.</p>
<p>[/vc_column_text][/vc_column][vc_column width=&#8221;1/6&#8243;][vc_column_text]<br />
[/vc_column_text][/vc_column][/vc_row]</p>

<p>[vc_row el_class=&#8221;home_box_wrap&#8221; css=&#8221;.vc_custom_1442576188177{margin-top: 50px !important;}&#8221;][vc_column width=&#8221;1/6&#8243; css=&#8221;.vc_custom_1442578081905{margin-bottom: 20px !important;}&#8221;][vc_single_image image=&#8221;424&#8243; img_size=&#8221;full&#8221; alignment=&#8221;center&#8221; onclick=&#8221;custom_link&#8221; link=&#8221;https://aspri.es/ca/serveis-dadministracio/administracio-comunitats-barcelona/&#8221;][vc_column_text] Administració de comunitats Més de 30 anys administrant comunitats de propietaris a Barcelona amb compromís i transparència, adaptant-nos sempre a les necessitats de la seva comunitat. [/vc_column_text][/vc_column][vc_column width=&#8221;1/6&#8243; css=&#8221;.vc_custom_1442578086143{margin-bottom: 20px !important;}&#8221;][vc_single_image image=&#8221;422&#8243; img_size=&#8221;full&#8221; alignment=&#8221;center&#8221; onclick=&#8221;custom_link&#8221; link=&#8221;https://aspri.es/ca/serveis-dadministracio/administracio-lloguers-barcelona/&#8221;][vc_column_text] Administració de lloguers Gestionem tots els [&hellip;]</p>

<!-- This site is optimized with the Yoast SEO plugin v27.1.1 - https://yoast.com/product/yoast-seo-wordpress/ -->
<title>Serveis immobiliaris a Barcelona - Aspri</title>
<meta name="description" content="Més de 30 anys ofrecint un servei integral en la intermediació d&#039;operacions immobiliaries, administració de finqies i assessorament jurídic." />
<meta name="robots" content="index, follow, max-snippet:-1, max-image-preview:large, max-video-preview:-1" />
<link rel="canonical" href="https://aspri.es/ca/" />
<meta property="og:locale" content="ca_ES" />
<meta property="og:type" content="article" />
<meta property="og:title" content="Serveis immobiliaris a Barcelona - Aspri" />
<meta property="og:description" content="Més de 30 anys ofrecint un servei integral en la intermediació d&#039;operacions immobiliaries, administració de finqies i assessorament jurídic." />
<meta property="og:url" content="https://aspri.es/ca/" />
<meta property="og:site_name" content="Aspri" />
<meta property="article:modified_time" content="2018-03-09T11:30:12+00:00" />
<meta name="twitter:card" content="summary_large_image" />
<meta name="twitter:label1" content="Temps estimat de lectura" />
	<meta name="twitter:data1" content="2 minuts" />
<script type="application/ld+json" class="yoast-schema-graph">{"@context":"https://schema.org","@graph":[{"@type":"WebPage","@id":"https://aspri.es/ca/","url":"https://aspri.es/ca/","name":"Serveis immobiliaris a Barcelona - Aspri","isPartOf":{"@id":"https://aspri.es/#website"},"datePublished":"2015-09-17T15:48:43+00:00","dateModified":"2018-03-09T11:30:12+00:00","description":"Més de 30 anys ofrecint un servei integral en la intermediació d'operacions immobiliaries, administració de finqies i assessorament jurídic.","breadcrumb":{"@id":"https://aspri.es/ca/#breadcrumb"},"inLanguage":"ca","potentialAction":[{"@type":"ReadAction","target":["https://aspri.es/ca/"]}]},{"@type":"BreadcrumbList","@id":"https://aspri.es/ca/#breadcrumb","itemListElement":[{"@type":"ListItem","position":1,"name":"Home","item":"https://aspri.es/ca/"},{"@type":"ListItem","position":2,"name":"Inici"}]},{"@type":"WebSite","@id":"https://aspri.es/#website","url":"https://aspri.es/","name":"Aspri","description":"Otro sitio realizado con WordPress","potentialAction":[{"@type":"SearchAction","target":{"@type":"EntryPoint","urlTemplate":"https://aspri.es/?s={search_term_string}"},"query-input":{"@type":"PropertyValueSpecification","valueRequired":true,"valueName":"search_term_string"}}],"inLanguage":"ca"}]}</script>
<!-- / Yoast SEO plugin. -->

Més de 30 anys ofrecint un servei integral en la intermediació d'operacions immobiliaries, administració de finqies i assessorament jurídic.
